{"version":"1.0","provider_name":"Cubat\u00e3o Not\u00edcias","provider_url":"https:\/\/new.cubataonoticias.com","author_name":"Cubat\u00e3o Not\u00edcias","author_url":"https:\/\/new.cubataonoticias.com\/index.php\/author\/cubata66_wp1\/","title":"Cubat\u00e3o tem 9.059 infectados pelo COVID-19. - Cubat\u00e3o Not\u00edcias","type":"rich","width":600,"height":338,"html":"<blockquote class=\"wp-embedded-content\" data-secret=\"xjfxdiNn0E\"><a href=\"https:\/\/new.cubataonoticias.com\/index.php\/2021\/01\/01\/cubatao-tem-9-059-infectados-pelo-covid-19\/\">Cubat\u00e3o tem 9.059 infectados pelo COVID-19.<\/a><\/blockquote><iframe sandbox=\"allow-scripts\" security=\"restricted\" src=\"https:\/\/new.cubataonoticias.com\/index.php\/2021\/01\/01\/cubatao-tem-9-059-infectados-pelo-covid-19\/embed\/#?secret=xjfxdiNn0E\" width=\"600\" height=\"338\" title=\"&#8220;Cubat\u00e3o tem 9.059 infectados pelo COVID-19.&#8221; &#8212; Cubat\u00e3o Not\u00edcias\" data-secret=\"xjfxdiNn0E\" frameborder=\"0\" marginwidth=\"0\" marginheight=\"0\" scrolling=\"no\" class=\"wp-embedded-content\"><\/iframe><script>\n\/*! This file is auto-generated *\/\n!function(d,l){\"use strict\";l.querySelector&&d.addEventListener&&\"undefined\"!=typeof URL&&(d.wp=d.wp||{},d.wp.receiveEmbedMessage||(d.wp.receiveEmbedMessage=function(e){var t=e.data;if((t||t.secret||t.message||t.value)&&!\/[^a-zA-Z0-9]\/.test(t.secret)){for(var s,r,n,a=l.querySelectorAll('iframe[data-secret=\"'+t.secret+'\"]'),o=l.querySelectorAll('blockquote[data-secret=\"'+t.secret+'\"]'),c=new RegExp(\"^https?:$\",\"i\"),i=0;i<o.length;i++)o[i].style.display=\"none\";for(i=0;i<a.length;i++)s=a[i],e.source===s.contentWindow&&(s.removeAttribute(\"style\"),\"height\"===t.message?(1e3<(r=parseInt(t.value,10))?r=1e3:~~r<200&&(r=200),s.height=r):\"link\"===t.message&&(r=new URL(s.getAttribute(\"src\")),n=new URL(t.value),c.test(n.protocol))&&n.host===r.host&&l.activeElement===s&&(d.top.location.href=t.value))}},d.addEventListener(\"message\",d.wp.receiveEmbedMessage,!1),l.addEventListener(\"DOMContentLoaded\",function(){for(var e,t,s=l.querySelectorAll(\"iframe.wp-embedded-content\"),r=0;r<s.length;r++)(t=(e=s[r]).getAttribute(\"data-secret\"))||(t=Math.random().toString(36).substring(2,12),e.src+=\"#?secret=\"+t,e.setAttribute(\"data-secret\",t)),e.contentWindow.postMessage({message:\"ready\",secret:t},\"*\")},!1)))}(window,document);\n<\/script>\n","thumbnail_url":"https:\/\/new.cubataonoticias.com\/wp-content\/uploads\/2021\/01\/saude-vermelho.jpg","thumbnail_width":1440,"thumbnail_height":1440,"description":"A Secretaria Municipal de Sa\u00fade (SMS) informa que nesta quinta-feira (31\/12) o munic\u00edpio tem 9.059 casos confirmados da covid-19. Atualmente s\u00e3o 209 notifica\u00e7\u00f5es suspeitas do novo coronav\u00edrus, investigadas e com acompanhamento da Vigil\u00e2ncia Epidemiol\u00f3gica. Outros 8.437 casos foram descartados e 8.757 pessoas est\u00e3o recuperadas (fim do isolamento social ou alta hospitalar). Mortes \u2014 A SMS registra 241 \u00f3bitos confirmados de residentes desde o in\u00edcio da pandemia. A Secretaria investiga ainda 8 mortes suspeitas de terem sido causadas pela covid-19. At\u00e9 o momento 42 \u00f3bitos foram descartados ap\u00f3s teste do novo coronav\u00edrus. Censo covid-19: Leitos ocupados UTI-covid: 8 (SUS e conv\u00eanios, referentes ao dia anterior). Taxa de ocupa\u00e7\u00e3o de leitos UTI: 49% (m\u00e9dia \u00faltimos 7 dias). Os dados s\u00e3o da secretaria municipal de sa\u00fade."}

Cubatão Notícias

Cubatão tem 9.059 infectados pelo COVID-19. - Cubatão Notícias

<blockquote class="wp-embedded-content" data-secret="xjfxdiNn0E"><a href="https://new.cubataonoticias.com/index.php/2021/01/01/cubatao-tem-9-059-infectados-pelo-covid-19/">Cubatão tem 9.059 infectados pelo COVID-19.</a></blockquote><iframe sandbox="allow-scripts" security="restricted" src="https://new.cubataonoticias.com/index.php/2021/01/01/cubatao-tem-9-059-infectados-pelo-covid-19/embed/#?secret=xjfxdiNn0E" width="600" height="338" title="&#8220;Cubatão tem 9.059 infectados pelo COVID-19.&#8221; &#8212; Cubatão Notícias" data-secret="xjfxdiNn0E" frameborder="0" marginwidth="0" marginheight="0" scrolling="no" class="wp-embedded-content"></iframe><script>
/*! This file is auto-generated */
!function(d,l){"use strict";l.querySelector&&d.addEventListener&&"undefined"!=typeof URL&&(d.wp=d.wp||{},d.wp.receiveEmbedMessage||(d.wp.receiveEmbedMessage=function(e){var t=e.data;if((t||t.secret||t.message||t.value)&&!/[^a-zA-Z0-9]/.test(t.secret)){for(var s,r,n,a=l.querySelectorAll('iframe[data-secret="'+t.secret+'"]'),o=l.querySelectorAll('blockquote[data-secret="'+t.secret+'"]'),c=new RegExp("^https?:$","i"),i=0;i<o.length;i++)o[i].style.display="none";for(i=0;i<a.length;i++)s=a[i],e.source===s.contentWindow&&(s.removeAttribute("style"),"height"===t.message?(1e3<(r=parseInt(t.value,10))?r=1e3:~~r<200&&(r=200),s.height=r):"link"===t.message&&(r=new URL(s.getAttribute("src")),n=new URL(t.value),c.test(n.protocol))&&n.host===r.host&&l.activeElement===s&&(d.top.location.href=t.value))}},d.addEventListener("message",d.wp.receiveEmbedMessage,!1),l.addEventListener("DOMContentLoaded",function(){for(var e,t,s=l.querySelectorAll("iframe.wp-embedded-content"),r=0;r<s.length;r++)(t=(e=s[r]).getAttribute("data-secret"))||(t=Math.random().toString(36).substring(2,12),e.src+="#?secret="+t,e.setAttribute("data-secret",t)),e.contentWindow.postMessage({message:"ready",secret:t},"*")},!1)))}(window,document);
</script>

A Secretaria Municipal de Saúde (SMS) informa que nesta quinta-feira (31/12) o município tem 9.059 casos confirmados da covid-19. Atualmente são 209 notificações suspeitas do novo coronavírus, investigadas e com acompanhamento da Vigilância Epidemiológica. Outros 8.437 casos foram descartados e 8.757 pessoas estão recuperadas (fim do isolamento social ou alta hospitalar). Mortes — A SMS registra 241 óbitos confirmados de residentes desde o início da pandemia. A Secretaria investiga ainda 8 mortes suspeitas de terem sido causadas pela covid-19. Até o momento 42 óbitos foram descartados após teste do novo coronavírus. Censo covid-19: Leitos ocupados UTI-covid: 8 (SUS e convênios, referentes ao dia anterior). Taxa de ocupação de leitos UTI: 49% (média últimos 7 dias). Os dados são da secretaria municipal de saúde.
