{"id":3775,"date":"2022-06-15T15:45:19","date_gmt":"2022-06-15T18:45:19","guid":{"rendered":"https:\/\/cubataonoticias.com\/tds-my-account\/"},"modified":"2022-06-15T15:45:19","modified_gmt":"2022-06-15T18:45:19","slug":"tds-my-account","status":"publish","type":"page","link":"https:\/\/new.cubataonoticias.com\/index.php\/tds-my-account\/","title":{"rendered":"My account"},"content":{"rendered":"<p>[tdc_zone type=&#8221;tdc_content&#8221;][vc_row tdc_css=&#8221;eyJhbGwiOnsicGFkZGluZy10b3AiOiI0MSIsInBhZGRpbmctYm90dG9tIjoiNDgiLCJkaXNwbGF5IjoiIn0sInBvcnRyYWl0Ijp7InBhZGRpbmctdG9wIjoiMzUiLCJwYWRkaW5nLWJvdHRvbSI6IjQyIiwiZGlzcGxheSI6IiJ9LCJwb3J0cmFpdF9tYXhfd2lkdGgiOjEwMTgsInBvcnRyYWl0X21pbl93aWR0aCI6NzY4LCJwaG9uZSI6eyJwYWRkaW5nLXRvcCI6IjI1IiwicGFkZGluZy1ib3R0b20iOiIzMiIsImRpc3BsYXkiOiIifSwicGhvbmVfbWF4X3dpZHRoIjo3Njd9&#8243;][vc_column][tdb_breadcrumbs tdicon=&#8221;td-icon-right&#8221; show_home=&#8221;yes&#8221;][tdm_block_column_title title_text=&#8221;TXklMjBhY2NvdW50&#8243; title_tag=&#8221;h3&#8243; title_size=&#8221;tdm-title-sm&#8221; tds_title1-f_title_font_weight=&#8221;400&#8243; tds_title1-f_title_font_size=&#8221;eyJhbGwiOiIzMCIsInBvcnRyYWl0IjoiMjQifQ==&#8221; tds_title1-f_title_font_line_height=&#8221;1.3&#8243; tdc_css=&#8221;eyJhbGwiOnsibWFyZ2luLXRvcCI6Ii0xOCIsIm1hcmdpbi1ib3R0b20iOiIyMSIsImRpc3BsYXkiOiIifSwicG9ydHJhaXQiOnsibWFyZ2luLWJvdHRvbSI6IjE4IiwiZGlzcGxheSI6IiJ9LCJwb3J0cmFpdF9tYXhfd2lkdGgiOjEwMTgsInBvcnRyYWl0X21pbl93aWR0aCI6NzY4fQ==&#8221;][tds_my_account][\/vc_column][\/vc_row][\/tdc_zone]<\/p>\n","protected":false},"excerpt":{"rendered":"<p>[tdc_zone type=&#8221;tdc_content&#8221;][vc_row tdc_css=&#8221;eyJhbGwiOnsicGFkZGluZy10b3AiOiI0MSIsInBhZGRpbmctYm90dG9tIjoiNDgiLCJkaXNwbGF5IjoiIn0sInBvcnRyYWl0Ijp7InBhZGRpbmctdG9wIjoiMzUiLCJwYWRkaW5nLWJvdHRvbSI6IjQyIiwiZGlzcGxheSI6IiJ9LCJwb3J0cmFpdF9tYXhfd2lkdGgiOjEwMTgsInBvcnRyYWl0X21pbl93aWR0aCI6NzY4LCJwaG9uZSI6eyJwYWRkaW5nLXRvcCI6IjI1IiwicGFkZGluZy1ib3R0b20iOiIzMiIsImRpc3BsYXkiOiIifSwicGhvbmVfbWF4X3dpZHRoIjo3Njd9&#8243;][vc_column][tdb_breadcrumbs tdicon=&#8221;td-icon-right&#8221; show_home=&#8221;yes&#8221;][tdm_block_column_title title_text=&#8221;TXklMjBhY2NvdW50&#8243; title_tag=&#8221;h3&#8243; title_size=&#8221;tdm-title-sm&#8221; tds_title1-f_title_font_weight=&#8221;400&#8243; tds_title1-f_title_font_size=&#8221;eyJhbGwiOiIzMCIsInBvcnRyYWl0IjoiMjQifQ==&#8221; tds_title1-f_title_font_line_height=&#8221;1.3&#8243; tdc_css=&#8221;eyJhbGwiOnsibWFyZ2luLXRvcCI6Ii0xOCIsIm1hcmdpbi1ib3R0b20iOiIyMSIsImRpc3BsYXkiOiIifSwicG9ydHJhaXQiOnsibWFyZ2luLWJvdHRvbSI6IjE4IiwiZGlzcGxheSI6IiJ9LCJwb3J0cmFpdF9tYXhfd2lkdGgiOjEwMTgsInBvcnRyYWl0X21pbl93aWR0aCI6NzY4fQ==&#8221;][tds_my_account][\/vc_column][\/vc_row][\/tdc_zone]<\/p>\n","protected":false},"author":1,"featured_media":0,"parent":0,"menu_order":0,"comment_status":"closed","ping_status":"closed","template":"","meta":{"footnotes":""},"class_list":["post-3775","page","type-page","status-publish","hentry"],"yoast_head":"<!-- This site is optimized with the Yoast SEO plugin v24.6 - https:\/\/yoast.com\/wordpress\/plugins\/seo\/ -->\n<title>My account - Cubat\u00e3o Not\u00edcias<\/title>\n<meta name=\"robots\" content=\"index, follow, max-snippet:-1, max-image-preview:large, max-video-preview:-1\" \/>\n<link rel=\"canonical\" href=\"https:\/\/new.cubataonoticias.com\/index.php\/tds-my-account\/\" \/>\n<meta property=\"og:locale\" content=\"pt_BR\" \/>\n<meta property=\"og:type\" content=\"article\" \/>\n<meta property=\"og:title\" content=\"My account - Cubat\u00e3o Not\u00edcias\" \/>\n<meta property=\"og:description\" content=\"[tdc_zone type=&#8221;tdc_content&#8221;][vc_row tdc_css=&#8221;eyJhbGwiOnsicGFkZGluZy10b3AiOiI0MSIsInBhZGRpbmctYm90dG9tIjoiNDgiLCJkaXNwbGF5IjoiIn0sInBvcnRyYWl0Ijp7InBhZGRpbmctdG9wIjoiMzUiLCJwYWRkaW5nLWJvdHRvbSI6IjQyIiwiZGlzcGxheSI6IiJ9LCJwb3J0cmFpdF9tYXhfd2lkdGgiOjEwMTgsInBvcnRyYWl0X21pbl93aWR0aCI6NzY4LCJwaG9uZSI6eyJwYWRkaW5nLXRvcCI6IjI1IiwicGFkZGluZy1ib3R0b20iOiIzMiIsImRpc3BsYXkiOiIifSwicGhvbmVfbWF4X3dpZHRoIjo3Njd9&#8243;][vc_column][tdb_breadcrumbs tdicon=&#8221;td-icon-right&#8221; show_home=&#8221;yes&#8221;][tdm_block_column_title title_text=&#8221;TXklMjBhY2NvdW50&#8243; title_tag=&#8221;h3&#8243; title_size=&#8221;tdm-title-sm&#8221; tds_title1-f_title_font_weight=&#8221;400&#8243; tds_title1-f_title_font_size=&#8221;eyJhbGwiOiIzMCIsInBvcnRyYWl0IjoiMjQifQ==&#8221; tds_title1-f_title_font_line_height=&#8221;1.3&#8243; tdc_css=&#8221;eyJhbGwiOnsibWFyZ2luLXRvcCI6Ii0xOCIsIm1hcmdpbi1ib3R0b20iOiIyMSIsImRpc3BsYXkiOiIifSwicG9ydHJhaXQiOnsibWFyZ2luLWJvdHRvbSI6IjE4IiwiZGlzcGxheSI6IiJ9LCJwb3J0cmFpdF9tYXhfd2lkdGgiOjEwMTgsInBvcnRyYWl0X21pbl93aWR0aCI6NzY4fQ==&#8221;][tds_my_account][\/vc_column][\/vc_row][\/tdc_zone]\" \/>\n<meta property=\"og:url\" content=\"https:\/\/new.cubataonoticias.com\/index.php\/tds-my-account\/\" \/>\n<meta property=\"og:site_name\" content=\"Cubat\u00e3o Not\u00edcias\" \/>\n<meta property=\"article:publisher\" content=\"https:\/\/www.facebook.com\/CubataoNoticiasOficial\/\" \/>\n<meta name=\"twitter:card\" content=\"summary_large_image\" \/>\n<meta name=\"twitter:site\" content=\"@CubataoNoticias\" \/>\n<meta name=\"twitter:label1\" content=\"Est. tempo de leitura\" \/>\n\t<meta name=\"twitter:data1\" content=\"1 minuto\" \/>\n<script type=\"application\/ld+json\" class=\"yoast-schema-graph\">{\"@context\":\"https:\/\/schema.org\",\"@graph\":[{\"@type\":\"WebPage\",\"@id\":\"https:\/\/new.cubataonoticias.com\/index.php\/tds-my-account\/\",\"url\":\"https:\/\/new.cubataonoticias.com\/index.php\/tds-my-account\/\",\"name\":\"My account - Cubat\u00e3o Not\u00edcias\",\"isPartOf\":{\"@id\":\"https:\/\/new.cubataonoticias.com\/#website\"},\"datePublished\":\"2022-06-15T18:45:19+00:00\",\"breadcrumb\":{\"@id\":\"https:\/\/new.cubataonoticias.com\/index.php\/tds-my-account\/#breadcrumb\"},\"inLanguage\":\"pt-BR\",\"potentialAction\":[{\"@type\":\"ReadAction\",\"target\":[\"https:\/\/new.cubataonoticias.com\/index.php\/tds-my-account\/\"]}]},{\"@type\":\"BreadcrumbList\",\"@id\":\"https:\/\/new.cubataonoticias.com\/index.php\/tds-my-account\/#breadcrumb\",\"itemListElement\":[{\"@type\":\"ListItem\",\"position\":1,\"name\":\"In\u00edcio\",\"item\":\"https:\/\/new.cubataonoticias.com\/index.php\/home-v1\/\"},{\"@type\":\"ListItem\",\"position\":2,\"name\":\"My account\"}]},{\"@type\":\"WebSite\",\"@id\":\"https:\/\/new.cubataonoticias.com\/#website\",\"url\":\"https:\/\/new.cubataonoticias.com\/\",\"name\":\"Cubat\u00e3o Not\u00edcias\",\"description\":\"Not\u00edcias Sobre Cubat\u00e3o e Regi\u00e3o\",\"potentialAction\":[{\"@type\":\"SearchAction\",\"target\":{\"@type\":\"EntryPoint\",\"urlTemplate\":\"https:\/\/new.cubataonoticias.com\/?s={search_term_string}\"},\"query-input\":{\"@type\":\"PropertyValueSpecification\",\"valueRequired\":true,\"valueName\":\"search_term_string\"}}],\"inLanguage\":\"pt-BR\"}]}<\/script>\n<!-- \/ Yoast SEO plugin. -->","yoast_head_json":{"title":"My account - Cubat\u00e3o Not\u00edcias","robots":{"index":"index","follow":"follow","max-snippet":"max-snippet:-1","max-image-preview":"max-image-preview:large","max-video-preview":"max-video-preview:-1"},"canonical":"https:\/\/new.cubataonoticias.com\/index.php\/tds-my-account\/","og_locale":"pt_BR","og_type":"article","og_title":"My account - Cubat\u00e3o Not\u00edcias","og_description":"[tdc_zone type=&#8221;tdc_content&#8221;][vc_row tdc_css=&#8221;eyJhbGwiOnsicGFkZGluZy10b3AiOiI0MSIsInBhZGRpbmctYm90dG9tIjoiNDgiLCJkaXNwbGF5IjoiIn0sInBvcnRyYWl0Ijp7InBhZGRpbmctdG9wIjoiMzUiLCJwYWRkaW5nLWJvdHRvbSI6IjQyIiwiZGlzcGxheSI6IiJ9LCJwb3J0cmFpdF9tYXhfd2lkdGgiOjEwMTgsInBvcnRyYWl0X21pbl93aWR0aCI6NzY4LCJwaG9uZSI6eyJwYWRkaW5nLXRvcCI6IjI1IiwicGFkZGluZy1ib3R0b20iOiIzMiIsImRpc3BsYXkiOiIifSwicGhvbmVfbWF4X3dpZHRoIjo3Njd9&#8243;][vc_column][tdb_breadcrumbs tdicon=&#8221;td-icon-right&#8221; show_home=&#8221;yes&#8221;][tdm_block_column_title title_text=&#8221;TXklMjBhY2NvdW50&#8243; title_tag=&#8221;h3&#8243; title_size=&#8221;tdm-title-sm&#8221; tds_title1-f_title_font_weight=&#8221;400&#8243; tds_title1-f_title_font_size=&#8221;eyJhbGwiOiIzMCIsInBvcnRyYWl0IjoiMjQifQ==&#8221; tds_title1-f_title_font_line_height=&#8221;1.3&#8243; tdc_css=&#8221;eyJhbGwiOnsibWFyZ2luLXRvcCI6Ii0xOCIsIm1hcmdpbi1ib3R0b20iOiIyMSIsImRpc3BsYXkiOiIifSwicG9ydHJhaXQiOnsibWFyZ2luLWJvdHRvbSI6IjE4IiwiZGlzcGxheSI6IiJ9LCJwb3J0cmFpdF9tYXhfd2lkdGgiOjEwMTgsInBvcnRyYWl0X21pbl93aWR0aCI6NzY4fQ==&#8221;][tds_my_account][\/vc_column][\/vc_row][\/tdc_zone]","og_url":"https:\/\/new.cubataonoticias.com\/index.php\/tds-my-account\/","og_site_name":"Cubat\u00e3o Not\u00edcias","article_publisher":"https:\/\/www.facebook.com\/CubataoNoticiasOficial\/","twitter_card":"summary_large_image","twitter_site":"@CubataoNoticias","twitter_misc":{"Est. tempo de leitura":"1 minuto"},"schema":{"@context":"https:\/\/schema.org","@graph":[{"@type":"WebPage","@id":"https:\/\/new.cubataonoticias.com\/index.php\/tds-my-account\/","url":"https:\/\/new.cubataonoticias.com\/index.php\/tds-my-account\/","name":"My account - Cubat\u00e3o Not\u00edcias","isPartOf":{"@id":"https:\/\/new.cubataonoticias.com\/#website"},"datePublished":"2022-06-15T18:45:19+00:00","breadcrumb":{"@id":"https:\/\/new.cubataonoticias.com\/index.php\/tds-my-account\/#breadcrumb"},"inLanguage":"pt-BR","potentialAction":[{"@type":"ReadAction","target":["https:\/\/new.cubataonoticias.com\/index.php\/tds-my-account\/"]}]},{"@type":"BreadcrumbList","@id":"https:\/\/new.cubataonoticias.com\/index.php\/tds-my-account\/#breadcrumb","itemListElement":[{"@type":"ListItem","position":1,"name":"In\u00edcio","item":"https:\/\/new.cubataonoticias.com\/index.php\/home-v1\/"},{"@type":"ListItem","position":2,"name":"My account"}]},{"@type":"WebSite","@id":"https:\/\/new.cubataonoticias.com\/#website","url":"https:\/\/new.cubataonoticias.com\/","name":"Cubat\u00e3o Not\u00edcias","description":"Not\u00edcias Sobre Cubat\u00e3o e Regi\u00e3o","potentialAction":[{"@type":"SearchAction","target":{"@type":"EntryPoint","urlTemplate":"https:\/\/new.cubataonoticias.com\/?s={search_term_string}"},"query-input":{"@type":"PropertyValueSpecification","valueRequired":true,"valueName":"search_term_string"}}],"inLanguage":"pt-BR"}]}},"_links":{"self":[{"href":"https:\/\/new.cubataonoticias.com\/index.php\/wp-json\/wp\/v2\/pages\/3775","targetHints":{"allow":["GET"]}}],"collection":[{"href":"https:\/\/new.cubataonoticias.com\/index.php\/wp-json\/wp\/v2\/pages"}],"about":[{"href":"https:\/\/new.cubataonoticias.com\/index.php\/wp-json\/wp\/v2\/types\/page"}],"author":[{"embeddable":true,"href":"https:\/\/new.cubataonoticias.com\/index.php\/wp-json\/wp\/v2\/users\/1"}],"replies":[{"embeddable":true,"href":"https:\/\/new.cubataonoticias.com\/index.php\/wp-json\/wp\/v2\/comments?post=3775"}],"version-history":[{"count":0,"href":"https:\/\/new.cubataonoticias.com\/index.php\/wp-json\/wp\/v2\/pages\/3775\/revisions"}],"wp:attachment":[{"href":"https:\/\/new.cubataonoticias.com\/index.php\/wp-json\/wp\/v2\/media?parent=3775"}],"curies":[{"name":"wp","href":"https:\/\/api.w.org\/{rel}","templated":true}]}}